). Let u be (2 - -152) + a + 1. Calculate the highest common divisor of u and 14.
14
Let g(k) = -k**3 + 2*k**2 + 2*k + 3. Let n be g(3). Suppose n = -u - 4*u - 10. Let a be (-164)/(-8) + u/(-4). Calculate the highest common divisor of a and 3.
3
Let q = 26 - 14. Suppose 0 = -2*d + 4*d - q. Let b be -2*(0 - 4)/2. Calculate the highest common factor of b and d.
2
Let z(g) = g**2 - 6*g + 9. Let f be z(6). Suppose 3*j - 32 - 22 = 0. Calculate the highest common factor of f and j.
9
Suppose 5*l = 4*c + 15 - 53, -2*l = -3*c + 25. Calculate the highest common factor of c and 56.
7
Let f = 4 - 1. Suppose 0 = -3*z - 9, -t + 3 = f*z + 2. What is the highest common factor of t and 110?
10
Suppose -8*j + 5*j = -18. Suppose 14 = 3*k - 112. What is the highest common factor of j and k?
6
Let d = 4 - -1. Suppose 4*s = 13 - d. What is the greatest common factor of s and 2?
2
Let p(w) = w**2 - w. Suppose -4*j - c - 415 = 0, -7*c = -2*c - 25. Let a be -2*(j/6)/(-5). Let g be p(a). What is the greatest common divisor of g and 8?
8
Let j = 80 - 66. Calculate the greatest common factor of j and 14.
14
Let g(s) = -2*s + 1. Let w be g(-4). Let z be 3/15 - (-24)/5. Let c(o) = -o**2 + 6*o - 4. Let n be c(z). Calculate the highest common factor of n and w.
1
Let f be (-156)/18*30/(-4). Suppose -2*d + f = 3*d. Suppose 3*j = j + 130. What is the greatest common divisor of j and d?
13
Let v = -2 - -10. Let s = -10 + 66. What is the highest common divisor of s and v?
8
Let s be ((-1)/(-3) - 1) + (-130)/(-6). Calculate the highest common factor of s and 21.
21
Let v(u) = -u**2. Let q(t) = -t**2 - t. Let k(a) = -6*q(a) + 5*v(a). Let r be k(6). Suppose 4*b - b - r = 0. What is the greatest common divisor of 12 and b?
12
Let g(c) = -2*c**2. Let p be g(1). Let u be 3 - (-3 - p)/1. Let d be 0 + (34 - (2 + 0)). What is the greatest common divisor of d and u?
4
Suppose 3*y + 9 = -0*y. Suppose -6*m + m = 4*f + 422, -3*f - m - 322 = 0. Let h be ((-1)/(-2))/(y/f). What is the greatest common factor of h and 3?
3
Let q be ((-81)/12)/((-3)/8). Suppose 9*m = 5*m - 2*g + 32, 4*m + g - 28 = 0. Calculate the highest common divisor of q and m.
6
Suppose 23 + 97 = 3*o. What is the highest common factor of 5 and o?
5
Suppose 6*n - 177 = 243. Let x(s) = -s + 7. Suppose -2*u - 7 = -u. Let m be x(u). What is the greatest common factor of m and n?
14
Let p(o) = o**3 + 6*o**2 - 7*o + 4. Let l be p(-7). What is the highest common factor of 36 and l?
4
Suppose 2*t = -i - 2*t - 5, 4*i = 2*t + 16. Suppose 4*d + 4 = 36. Let g = 29 - d. Calculate the greatest common factor of g and i.
3
Let i(x) = 6*x**2 + 3*x. Suppose -3*t + 4*t - 4 = 0. Let o be i(t). Calculate the greatest common factor of 27 and o.
27
Let i be (2/6)/(7/84). Suppose 12 = p + i. What is the highest common factor of p and 16?
8
Let p be ((-50)/1)/(-2)*3. What is the greatest common factor of p and 15?
15
Let x(n) = 11*n**2 + 4*n - 9. Let b be x(-6). Calculate the greatest common factor of 33 and b.
33
Let r(n) = n + 8. Let s be r(-6). Calculate the highest common divisor of 8 and s.
2
Let d(z) = -z**3 + 10*z**2 + 4*z - 13. Let y be d(10). Calculate the greatest common divisor of y and 9.
9
Suppose 120*m - 115*m - 240 = 0. Calculate the highest common factor of 72 and m.
24
Let h(p) be the third derivative of -p**5/60 + 11*p**4/24 + 13*p**3/6 + 3*p**2. Let y be h(11). What is the highest common divisor of y and 65?
13
Suppose -5*x - 1 = -31. Suppose -o + x*o = 150. What is the greatest common factor of o and 6?
6
Suppose -414 = -x - g, x + 0*x = -4*g + 402. Let m be 4/14 - x/(-7). Calculate the greatest common factor of 24 and m.
12
Let f be -2 - -2 - (7 - 14). Let n = f - -5. Calculate the highest common factor of n and 24.
12
Suppose -b + 704 = 3*b. Calculate the greatest common factor of 16 and b.
16
Suppose -a = -3*a + 2*g + 12, 3*a + 5*g = -14. Suppose a*f = -0 + 40. What is the highest common divisor of f and 10?
10
Let d be 1*(-3 - (-24)/3). Let s be 171/d - (-4)/5. What is the greatest common divisor of s and 14?
7
Suppose 10*s = 5*s + 10. Let a = 3 - s. Suppose o - 2*i + 17 = 4*o, 0 = -i + 4. What is the greatest common divisor of a and o?
1
Let r be (-1)/(10/(-136)) - 24/(-60). What is the highest common factor of 7 and r?
7
Let y(a) be the third derivative of -a**4/12 - a**3/6 - 2*a**2. Let t be y(-2). Suppose -t*b = -4*b + 80. Calculate the highest common divisor of 10 and b.
10
Let d be (6/(-9))/(-1)*54. Suppose -5*n = -3*n - d. Calculate the highest common factor of n and 18.
18
Let l(t) = t**2 + 4*t - 4. Let a be l(-5). Let u = 98 - 92. Calculate the greatest common divisor of a and u.
1
Suppose m + d - 4 = 0, -2*m + 5 = 3*d - 8. Let i = 5 - 20. Let g be (i/6 + m)*-6. What is the highest common factor of 189 and g?
21
Let g be 48 - 0/((-2)/1). Let t be 12/9*g - -1. What is the highest common divisor of 26 and t?
13
Let h be -1 + (-3)/(-1) + 28. Let g be (h/18)/(1/3). What is the greatest common factor of 45 and g?
5
Let n be (-9 + 1)/(7/(-14)). Calculate the highest common factor of 40 and n.
8
Let t = -10 + 17. Let o(r) = 3*r**2 - 4*r. Let m be o(t). Suppose -4*d + 5*d = m. What is the highest common factor of 17 and d?
17
Suppose b - 15 = 3. What is the greatest common factor of b and 126?
18
Let h be 3 - ((-393)/3 - -2). Calculate the highest common divisor of 12 and h.
12
Let u(f) = -f**3 - 7*f**2 - 7*f + 4. Let h be u(-6). What is the highest common divisor of 10 and h?
10
Suppose -2*c + 15 = c. Suppose c*x - 57 = -2*y, 0*x = 2*y - 4*x - 12. Calculate the greatest common factor of 24 and y.
8
Suppose n = 7*n - 240. Calculate the highest common divisor of 80 and n.
40
Suppose 0 = -x + 31 - 4. Let m = x + 63. Let j = 6 - -9. What is the highest common factor of j and m?
15
Suppose -3*g + 3 = 0, 5*f - 1322 = -0*f - 2*g. Suppose -f = -5*l + 231. What is the greatest common factor of 9 and l?
9
Let z = 15 - 7. Calculate the highest common divisor of 64 and z.
8
Let d be (-6 + 66/15)*25/(-2). Calculate the highest common divisor of 60 and d.
20
Suppose -1 + 3 = -2*c + h, 0 = 2*c - 5*h + 10. Suppose r - 2 = -a, c = 3*a - 2*a - r - 10. What is the highest common divisor of a and 3?
3
Suppose -80 = -4*t - t. What is the greatest common factor of t and 8?
8
Suppose 199 = 3*p - 239. Let t = p + -248. Let o = 223 + t. Calculate the greatest common factor of o and 11.
11
Let n be (-26 + -1)/((-12)/8). Let s be 364/n + 6/(-27). What is the highest common divisor of s and 50?
10
Let l(c) = 5*c + 4. Let b(m) = -m - 1. Let q(k) = -4*b(k) - l(k). Let w be q(-4). Calculate the greatest common factor of w and 12.
4
Let x(m) = m**2 + m + 36. Let a be x(0). Let s = 1 - -11. Calculate the greatest common factor of a and s.
12
Suppose -274 = -2*o - 2*c, 3*o - 4*c = -5*c + 403. Suppose 5*b - 97 = -2*f, -2*b + 5*f + 8 = -25. What is the greatest common divisor of b and o?
19
Let t(g) = -g. Let z(b) = -b**3 + 6*b**2 + 4*b + 4. Let o(w) = -6*t(w) - z(w). Let n be o(6). Calculate the highest common factor of n and 8.
8
Let m be (-81)/(-6) + (-2)/(-4). Calculate the greatest common factor of m and 35.
7
Suppose 14 - 5 = -3*q, -4*q = -5*w + 157. Let j(t) = -t**2 + 27*t - 8. Let k be j(13). What is the greatest common factor of w and k?
29
Suppose -102 + 19 = 3*y + 2*m, 84 = -4*y + 4*m. Let v = -5 - y. Let t = -23 + 143. Calculate the highest common divisor of t and v.
20
Suppose 39 + 45 = 2*n. Calculate the greatest common factor of 28 and n.
14
Suppose -4*t + 3*j = -42, 2*j - 18 + 2 = -t. Let a(i) = -3*i - 3. Let u be a(-4). Let w = u + -6. Calculate the greatest common divisor of w and t.
3
Let f = 68 - 98. Let w = -18 - f. What is the greatest common factor of 8 and w?
4
Let m = 91 + -27. Calculate the highest common divisor of m and 160.
32
Let b be 9/(-2)*(-4)/6. Let s(q) = 112 + q - b*q + q. Let f be s(0). What is the highest common factor of f and 14?
14
Let x = 414 - 194. Calculate the greatest common divisor of 20 and x.
20
Let u = 3 + 3. Let l be (-8 + 9)/(2/u). Suppose -4*c = 36 - 144. Calculate the greatest common divisor of l and c.
3
Let u = -339 + 482. Suppose 2*g + g - 2*k + 8 = 0, -5*g - 2*k = -8. Let h be 1*((g - -15) + -2). Calculate the highest common factor of u and h.
13
Suppose -5*q + 0*q = i - 39, 5*q = i + 41. Let a b